2727098?
9
What is the hundred thousands digit of 459167701?
1
What is the units digit of 592514980?
0
What is the units digit of 50014012?
2
What is the ten thousands digit of 63057812?
5
What is the ten millions digit of 195073394?
9
What is the ten millions digit of 523204731?
2
What is the thousands digit of 753368428?
8
What is the thousands digit of 365163337?
3
What is the thousands digit of 51972646?
2
What is the units digit of 3380073423?
3
What is the ten thousands digit of 1147742630?
4
What is the ten thousands digit of 166736717?
3
What is the hundreds digit of 252017956?
9
What is the hundreds digit of 4060301114?
1
What is the billions digit of 1073148779?
1
What is the hundreds digit of 7453355088?
0
What is the millions digit of 263000215?
3
What is the ten millions digit of 6423973619?
2
What is the hundred thousands digit of 784913522?
9
What is the ten thousands digit of 28817165?
1
What is the ten thousands digit of 508533581?
3
What is the units digit of 3239459882?
2
What is the ten millions digit of 20679964?
2
What is the millions digit of 163550264?
3
What is the tens digit of 171160737?
3
What is the thousands digit of 93208212?
8
What is the units digit of 95809028?
8
What is the ten thousands digit of 4818124785?
2
What is the hundred millions digit of 2248442845?
2
What is the units digit of 266433353?
3
What is the thousands digit of 3804680069?
0
What is the ten millions digit of 47241018?
4
What is the hundreds digit of 2739422838?
8
What is the units digit of 169629534?
4
What is the hundred millions digit of 227488364?
2
What is the hundred thousands digit of 11895412?
8
What is the hundred millions digit of 180675939?
1
What is the millions digit of 886604772?
6
What is the ten millions digit of 433154411?
3
What is the millions digit of 254524617?
4
What is the thousands digit of 232951797?
1
What is the hundred thousands digit of 72201820?
2
What is the millions digit of 30388750?
0
What is the ten millions digit of 38027563?
3
What is the hundreds digit of 3421673642?
6
What is the millions digit of 6013276539?
3
What is the thousands digit of 276059835?
9
What is the hundreds digit of 265301037?
0
What is the hundred thousands digit of 80947985?
9
What is the ten millions digit of 188318629?
8
What is the thousands digit of 63728129?
8
What is the ten millions digit of 853624751?
5
What is the units digit of 139154123?
3
What is the thousands digit of 180096374?
6
What is the hundreds digit of 72236825?
8
What is the ten thousands digit of 108106295?
0
What is the hundreds digit of 133020023?
0
What is the hundred thousands digit of 53174359?
1
What is the hundred thousands digit of 21591615?
5
What is the tens digit of 11038889?
8
What is the units digit of 762170194?
4
What is the tens digit of 88072933?
3
What is the tens digit of 299780848?
4
What is the hundred thousands digit of 95112207?
1
What is the ten thousands digit of 46818576?
1
What is the hundred millions digit of 734071711?
7
What is the ten thousands digit of 56450500?
5
What is the hundred thousands digit of 1064385603?
3
What is the tens digit of 699375174?
7
What is the hundreds digit of 378253989?
9
What is the tens digit of 30065165?
6
What is the billions digit of 1222265746?
1
What is the hundred millions digit of 2745970610?
7
What is the hundreds digit of 962052289?
2
What is the millions digit of 79101943?
9
What is the ten thousands digit of 44735653?
3
What is the hundreds digit of 508583?
5
What is the thousands digit of 40854459?
4
What is the units digit of 8828074?
4
What is the units digit of 273014?
4
What is the hundreds digit of 11013562?
5
What is the ten millions digit of 1005184239?
0
What is the millions digit of 891678147?
1
What is the thousands digit of 11877847?
7
What is the hundred thousands digit of 1412135420?
1
What is the hundreds digit of 2075064957?
9
What is the thousands digit of 554089661?
9
What is the tens digit of 243773517?
1
What is the hundreds digit of 1463718761?
7
What is the hundred millions digit of 230647902?
2
What is the ten millions digit of 109166609?
0
What is the thousands digit of 259294461?
4
What is the ten thousands digit of 2852308119?
0
What is the tens digit of 156020486?
8
What is the thousands digit of 250681299?
1
What is the thousands digit of 229704572?
4
What is the thousands digit of 634655503?
5
What is the thousands digit of 475142526?
2
What is the ten thousands digit of 831099185?
9
What is the tens digit of 22268432?
3
What is the hundreds digit of 177935221?
2
What is the tens digit of 209014569?
6
What is the tens digit of 2280584369?
6
What is the units digit of 50486705?
5
What is the hundred thousands digit of 158611964?
6
What is the thousands digit of 347670755?
0
What is the tens digit of 898930896?
9
What is the hundred thousands digit of 63017698?
0
What is the thousands digit of 39221934?
1
What is the tens digit of 5274835270?
7
What is the ten millions digit of 152704435?
5
What is the hundred thousands digit of 9033391?
0
What is the hundred millions digit of 245415932?
2
What is the tens digit of 28481714?
1
What is the units digit of 19506019?
9
What is the ten millions digit of 272189224?
7
What is the hundreds digit of 552260042?
0
What is the hundred millions digit of 440217529?
4
What is the units digit of 455234440?
0
What is the millions digit of 103121682?
3
What is the millions digit of 1076205910?
6
What is the hundred thousands digit of 1483734999?
7
What is the millions digit of 20193534?
0
What is the thousands digit of 331825996?
5
What is the units digit of 56324150?
0
What is the hundred thousands digit of 16238912?
2
What is the tens digit of 5816893294?
9
What is the thousands digit of 516431855?
1
What is the hundreds digit of 41274755?
7
What is the ten millions digit of 233907991?
3
What is the tens digit of 1115851327?
2
What is the thousands digit of 92498178?
8
What is the thousands digit of 171887184?
7
What is the hundreds digit of 584062705?
7
What is the hundreds digit of 148517131?
1
What is the millions digit of 51167497?
1
What is the ten millions digit of 2075697086?
7
What is the tens digit of 229384394?
9
What is the hundreds digit of 1822219365?
3
What is the tens digit of 1093807997?
9
What is the tens digit of 61005065?
6
What is the ten thousands digit of 146430110?
3
What is the units digit of 156523708?
8
What is the hundred thousands digit of 624107647?
1
What is the hundreds digit of 241589923?
9
What is the ten millions digit of 76732847?
7
What is the thousands digit of 2332005522?
5
What is the units digit of 609375555?
5
What is the tens digit of 517359163?
6
What is the thousands digit of 140303155?
3
What is the ten thousands digit of 18305624?
0
What is the tens digit of 154569086?
8
What is the units digit of 15812237?
7
What is the thousands digit of 289959131?
9
What is the hundred thousands digit of 164977385?
9
What is the hundreds digit of 920893830?
8
What is the hundreds digit of 337322233?
2
What is the ten thousands digit of 99096967?
9
What is the hundreds digit of 154396911?
9
What is the millions digit of 994583242?
4
What is the hundreds digit of 76402956?
9
What is the millions digit of 64827892?
4
What is the ten millions digit of 38233484?
3
What is the hundreds digit of 135643648?
6
What is the hundred thousands digit of 1193542585?
5
What is the hundred millions digit of 1130725071?
1
What is the units digit of 149643771?
1
What is the thousands digit of 158921623?
1
What is the thousands digit of 57415968?
5
What is the hundreds digit of 66635883?
8
What is the hundred millions digit of 1481447406?
4
What is the tens digit of 38222232?
3
What is the tens digit of 354510455?
5
What is the thousands digit of 892705110?
5
What is the millions digit of 18645549?
8
What is the millions digit of 270333929?
0
What is the ten millions digit of 2335803708?
3
What is the hundreds digit of 6518862?
8
What is the thousands digit of 4900820?
0
What is the tens digit of 258465840?
4
What is the ten millions digit of 246466747?
4
What is the hundred millions digit of 1238637569?
2
What is the thousands digit of 287356887?
6
What is the thousands digit of 39319408?
9
What is the hundred th